he prime factors of 12327.
3, 7, 587
List the prime factors of 2636.
2, 659
What are the prime factors of 6510?
2, 3, 5, 7, 31
What are the prime factors of 1289?
1289
List the prime factors of 8888.
2, 11, 101
What are the prime factors of 3204?
2, 3, 89
What are the prime factors of 569?
569
List the prime factors of 1375.
5, 11
List the prime factors of 43189.
43189
What are the prime factors of 68158?
2, 53, 643
List the prime factors of 253.
11, 23
List the prime factors of 1959.
3, 653
What are the prime factors of 2257?
37, 61
What are the prime factors of 897?
3, 13, 23
What are the prime factors of 1817?
23, 79
What are the prime factors of 8551?
17, 503
What are the prime factors of 2839?
17, 167
List the prime factors of 424.
2, 53
What are the prime factors of 12904?
2, 1613
What are the prime factors of 350?
2, 5, 7
What are the prime factors of 5512?
2, 13, 53
What are the prime factors of 112121?
112121
List the prime factors of 1085.
5, 7, 31
List the prime factors of 5081.
5081
What are the prime factors of 55598?
2, 27799
What are the prime factors of 24993?
3, 2777
What are the prime factors of 2540?
2, 5, 127
What are the prime factors of 22269?
3, 13, 571
List the prime factors of 4262.
2, 2131
List the prime factors of 23590.
2, 5, 7, 337
What are the prime factors of 3001?
3001
List the prime factors of 12109.
12109
What are the prime factors of 6987?
3, 17, 137
What are the prime factors of 43852?
2, 19, 577
What are the prime factors of 1032?
2, 3, 43
What are the prime factors of 322?
2, 7, 23
List the prime factors of 20142.
2, 3, 373
What are the prime factors of 2574?
2, 3, 11, 13
What are the prime factors of 228?
2, 3, 19
What are the prime factors of 1868?
2, 467
List the prime factors of 9946.
2, 4973
List the prime factors of 6031.
37, 163
What are the prime factors of 13613?
13613
List the prime factors of 1204.
2, 7, 43
List the prime factors of 108319.
19, 5701
List the prime factors of 712.
2, 89
List the prime factors of 764.
2, 191
What are the prime factors of 920?
2, 5, 23
What are the prime factors of 10793?
43, 251
What are the prime factors of 40834?
2, 17, 1201
List the prime factors of 19758.
2, 3, 37, 89
What are the prime factors of 3052?
2, 7, 109
List the prime factors of 48006.
2, 3, 7, 127
List the prime factors of 1594.
2, 797
List the prime factors of 523.
523
What are the prime factors of 58570?
2, 5, 5857
What are the prime factors of 79?
79
What are the prime factors of 2957?
2957
What are the prime factors of 3680?
2, 5, 23
List the prime factors of 25545.
3, 5, 13, 131
What are the prime factors of 11883?
3, 17, 233
What are the prime factors of 16997?
23, 739
List the prime factors of 3703.
7, 23
What are the prime factors of 7267?
13, 43
List the prime factors of 32990.
2, 5, 3299
What are the prime factors of 22557?
3, 73, 103
What are the prime factors of 1520?
2, 5, 19
List the prime factors of 180.
2, 3, 5
What are the prime factors of 20560?
2, 5, 257
List the prime factors of 1306.
2, 653
What are the prime factors of 39?
3, 13
What are the prime factors of 1128?
2, 3, 47
What are the prime factors of 40690?
2, 5, 13, 313
List the prime factors of 12445.
5, 19, 131
What are the prime factors of 11752?
2, 13, 113
What are the prime factors of 9150?
2, 3, 5, 61
What are the prime factors of 11790?
2, 3, 5, 131
List the prime factors of 1682.
2, 29
What are the prime factors of 2074?
2, 17, 61
What are the prime factors of 632?
2, 79
What are the prime factors of 19057?
17, 19, 59
List the prime factors of 1812.
2, 3, 151
List the prime factors of 147621.
3, 49207
What are the prime factors of 68627?
13, 5279
What are the prime factors of 25876?
2, 6469
What are the prime factors of 1960?
2, 5, 7
List the prime factors of 19222.
2, 7, 1373
List the prime factors of 1846.
2, 13, 71
List the prime factors of 79909.
41, 1949
What are the prime factors of 71534?
2, 47, 761
List the prime factors of 3098.
2, 1549
What are the prime factors of 3588?
2, 3, 13, 23
List the prime factors of 5305.
5, 1061
List the prime factors of 4168.
2, 521
What are the prime factors of 47162?
2, 23581
List the prime factors of 5818.
2, 2909
List the prime factors of 4572.
2, 3, 127
What are the prime factors of 16599?
3, 11, 503
What are the prime factors of 8927?
79, 113
What are the prime factors of 537?
3, 179
What are the prime factors of 973?
7, 139
What are the prime factors of 1242?
2, 3, 23
What are the prime factors of 1116?
2, 3, 31
List the prime factors of 2246.
2, 1123
List the prime factors of 19174.
2, 9587
List the prime factors of 71479.
71479
List the prime factors of 8538.
2, 3, 1423
List the prime factors of 8988.
2, 3, 7, 107
What are the prime factors of 66626?
2, 7, 4759
What are the prime factors of 3029?
13, 233
What are the prime factors of 529?
23
What are the prime factors of 305?
5, 61
What are the prime factors of 3325?
5, 7, 19
What are the prime factors of 4073?
4073
List the prime factors of 8624.
2, 7, 11
List the prime factors of 42368.
2, 331
List the prime factors of 5127.
3, 1709
List the prime factors of 26692.
2, 6673
What are the prime factors of 5598?
2, 3, 311
What are the prime factors of 1132?
2, 283
List the prime factors of 1437.
3, 479
What are the prime factors of 12014?
2, 6007
What are the prime factors of 4472?
2, 13, 43
List the prime factors of 1483.
1483
What are the prime factors of 6276?
2, 3, 523
List the prime factors of 37718.
2, 18859
List the prime factors of 1011.
3, 337
What are the prime factors of 2277?
3, 11, 23
What are the prime factors of 78489?
3, 17, 19
List the prime factors of 989.
23, 43
List the prime factors of 6986.
2, 7, 499
List the prime factors of 12386.
2, 11, 563
What are the prime factors of 67482?
2, 3, 23, 163
What are the prime factors of 42756?
2, 3, 7, 509
List the prime factors of 22960.
2, 5, 7, 41
What are the prime factors of 5744?
2, 359
List the prime factors of 1630.
2, 5, 163
List the prime factors of 20054.
2, 37, 271
List the prime factors of 10960.
2, 5, 137
List the prime factors of 2763.
3, 307
List the prime factors of 1280.
2, 5
What are the prime factors of 61155?
3, 5, 151
List the prime factors of 900.
2, 3, 5
List the prime factors of 41841.
3, 4649
List the prime factors of 16664.
2, 2083
What are the prime factors of 723?
3, 241
What are the prime factors of 2618?
2, 7, 11, 17
What are the prime factors of 14567?
7, 2081
What are the prime factors of 802?
2, 401
What are the prime factors of 84242?
2, 73, 577
What are the prime factors of 2490?
2, 3, 5, 83
What are the prime factors of 2112?
2, 3, 11
List the prime factors of 105568.
2, 3299
What are the prime factors of 6373?
6373
What are the prime factors of 1772?
2, 443
List the prime factors of 39909.
3, 53, 251
What are the prime factors of 3778?
2, 1889
List the prime factors of 798.
2, 3, 7, 19
What are the prime factors of 92855?
5, 7, 379
What are the prime factors of 9345?
3, 5, 7, 89
What are the prime factors of 356?
2, 89
What are the prime factors of 22798?
2, 11399
What are the prime factors of 8572?
2, 2143
What are the prime factors of 698?
2, 349
What are the prime factors of 16553?
16553
What are the prime factors of 7001?
7001
What are the prime factors of 1754?
2, 877
What are the prime factors of 1814?
2, 907
What are the prime factors of 78?
2, 3, 13
What are the prime factors of 56?
2, 7
What are the prime factors of 83714?
2, 19, 2203
What are the prime factors of 12872?
2, 1609
What are the prime factors of 5910?
2, 3, 5, 197
What are the prime factors of 694?
2, 347
List the prime factors of 103.
103
List the prime factors of 29044.
2, 53, 137
What are the prime factors of 5562?
2, 3, 103
List the prime factors of 12612.
2, 3, 1051
List the prime factors of 800.
2, 5
What are the prime factors of 2123?
11, 193
What are the prime factors of 70373?
70373
What are the prime factors of 11788?
2, 7, 421
List the prime factors of 14386.
2, 7193
List the prime factors of 6410.
2, 5, 641
What are the prime factors of 4488?
2, 3, 11, 17
List the prime factors of 30377.
37, 821
What are the prime factors of 2318?
2, 19, 61
List the prime factors of 3282.
2, 3, 547
What are the prime factors of 1179?
3, 131
List the prime